4.
87
What is the remainder when 274 is divided by 22?
10
Calculate the remainder when 5997 is divided by 1498.
5
Calculate the remainder when 178 is divided by 41.
14
What is the remainder when 148 is divided by 17?
12
Calculate the remainder when 83 is divided by 28.
27
Calculate the remainder when 528 is divided by 237.
54
What is the remainder when 112 is divided by 37?
1
What is the remainder when 51 is divided by 20?
11
What is the remainder when 99 is divided by 10?
9
What is the remainder when 281 is divided by 39?
8
What is the remainder when 4999 is divided by 18?
13
What is the remainder when 230 is divided by 26?
22
What is the remainder when 1303 is divided by 15?
13
What is the remainder when 1002 is divided by 48?
42
What is the remainder when 380 is divided by 48?
44
Calculate the remainder when 1731 is divided by 3.
0
Calculate the remainder when 230 is divided by 44.
10
Calculate the remainder when 161 is divided by 57.
47
Calculate the remainder when 137 is divided by 58.
21
What is the remainder when 540 is divided by 69?
57
Calculate the remainder when 2727 is divided by 13.
10
What is the remainder when 769 is divided by 245?
34
Calculate the remainder when 424 is divided by 86.
80
Calculate the remainder when 321 is divided by 106.
3
Calculate the remainder when 77 is divided by 74.
3
Calculate the remainder when 112 is divided by 29.
25
What is the remainder when 54 is divided by 24?
6
Calculate the remainder when 166 is divided by 47.
25
What is the remainder when 1731 is divided by 83?
71
What is the remainder when 529 is divided by 141?
106
What is the remainder when 769 is divided by 179?
53
Calculate the remainder when 124 is divided by 49.
26
What is the remainder when 600 is divided by 18?
6
Calculate the remainder when 191 is divided by 67.
57
What is the remainder when 218 is divided by 60?
38
What is the remainder when 2221 is divided by 19?
17
Calculate the remainder when 1003 is divided by 99.
13
Calculate the remainder when 1033 is divided by 28.
25
Calculate the remainder when 539 is divided by 60.
59
Calculate the remainder when 474 is divided by 77.
12
Calculate the remainder when 6839 is divided by 45.
44
What is the remainder when 159 is divided by 30?
9
What is the remainder when 117 is divided by 53?
11
What is the remainder when 901 is divided by 202?
93
What is the remainder when 5064 is divided by 17?
15
What is the remainder when 412 is divided by 73?
47
Calculate the remainder when 91 is divided by 73.
18
What is the remainder when 1256 is divided by 178?
10
Calculate the remainder when 861 is divided by 427.
7
What is the remainder when 1075 is divided by 42?
25
Calculate the remainder when 53 is divided by 47.
6
Calculate the remainder when 1629 is divided by 38.
33
Calculate the remainder when 540 is divided by 39.
33
What is the remainder when 1323 is divided by 1259?
64
Calculate the remainder when 505 is divided by 160.
25
Calculate the remainder when 2125 is divided by 76.
73
Calculate the remainder when 7107 is divided by 13.
9
What is the remainder when 166 is divided by 80?
6
What is the remainder when 213 is divided by 27?
24
Calculate the remainder when 240 is divided by 9.
6
Calculate the remainder when 161 is divided by 11.
7
Calculate the remainder when 469 is divided by 122.
103
Calculate the remainder when 125 is divided by 33.
26
Calculate the remainder when 287 is divided by 96.
95
What is the remainder when 973 is divided by 277?
142
Calculate the remainder when 1046 is divided by 25.
21
What is the remainder when 224 is divided by 57?
53
What is the remainder when 89 is divided by 73?
16
What is the remainder when 293 is divided by 117?
59
Calculate the remainder when 10 is divided by 8.
2
Calculate the remainder when 285 is divided by 17.
13
What is the remainder when 16 is divided by 12?
4
Calculate the remainder when 492 is divided by 45.
42
Calculate the remainder when 352 is divided by 17.
12
Calculate the remainder when 1744 is divided by 97.
95
Calculate the remainder when 52139 is divided by 30.
29
What is the remainder when 174 is divided by 26?
18
Calculate the remainder when 301 is divided by 16.
13
Calculate the remainder when 283 is divided by 11.
8
Calculate the remainder when 4548 is divided by 10.
8
Calculate the remainder when 463 is divided by 197.
69
Calculate the remainder when 1781 is divided by 33.
32
Calculate the remainder when 324 is divided by 55.
49
Calculate the remainder when 24774 is divided by 38.
36
What is the remainder when 1033 is divided by 105?
88
Calculate the remainder when 49 is divided by 5.
4
What is the remainder when 41 is divided by 15?
11
Calculate the remainder when 3011 is divided by 112.
99
Calculate the remainder when 26 is divided by 5.
1
Calculate the remainder when 240 is divided by 49.
44
Calculate the remainder when 180 is divided by 58.
6
What is the remainder when 315 is divided by 47?
33
What is the remainder when 269 is divided by 23?
16
Calculate the remainder when 54 is divided by 28.
26
What is the remainder when 1080 is divided by 351?
27
Calculate the remainder when 138 is divided by 51.
36
Calculate the remainder when 31 is divided by 4.
3
Calculate the remainder when 508 is divided by 17.
15
Calculate the remainder when 45 is divided by 39.
6
Calculate the remainder when 1174 is divided by 21.
19
What is the remainder when 412 is divided by 46?
44
What is the remainder when 1290 is divided by 37?
32
Calculate the remainder when 411 is divided by 69.
66
Calculate the remainder when 4854 is divided by 90.
84
Calculate the remainder when 1995 is divided by 182.
175
What is the remainder when 122 is divided by 14?
10
Calculate the remainder when 292 is divided by 68.
20
Calculate the remainder when 36 is divided by 21.
15
What is the remainder when 175 is divided by 37?
27
Calculate the remainder when 989 is divided by 71.
66
What is the remainder when 349 is divided by 117?
115
What is the remainder when 212 is divided by 18?
14
Calculate the remainder when 43 is divided by 9.
7
Calculate the remainder when 264 is divided by 53.
52
Calculate the remainder when 4540 is divided by 59.
56
What is the remainder when 634 is divided by 543?
91
What is the remainder when 735 is divided by 39?
33
Calculate the remainder when 111 is divided by 31.
18
What is the remainder when 715 is divided by 132?
55
What is the remainder when 309 is divided by 36?
21
Calculate the remainder when 300 is divided by 43.
42
Calculate the remainder when 14687 is divided by 113.
110
What is the remainder when 73 is divided by 4?
1
What is the remainder when 541 is divided by 68?
65
What is the remainder when 780 is divided by 9?
6
What is the remainder when 2345 is divided by 69?
68
What is the remainder when 9392 is divided by 31?
30
Calculate the remainder when 3170 is divided by 96.
2
Calculate the remainder when 680 is divided by 64.
40
Calculate the remainder when 2594 is divided by 11.
9
What is the remainder when 418 is divided by 117?
67
Calculate the remainder when 37 is divided by 32.
5
Calculate the remainder when 4404 is divided by 199.
26
What is the remainder when 272 is divided by 88?
8
What is the remainder when 2496 is divided by 276?
12
What is the remainder when 1059 is divided by 348?
15
Calculate the remainder when 227 is divided by 41.
22
What is the remainder when 43 is divided by 5?
3
What is the remainder when 8187 is divided by 65?
62
Calculate the remainder when 6599 is divided by 30.
29
What is the remainder when 193 is divided by 58?
19
Calculate the remainder when 713 is divided by 143.
141
What is the remainder when 103 is divided by 38?
27
Calculate the remainder when 138 is divided by 30.
18
Calculate the remainder when 418 is divided by 23.
4
Calculate the remainder when 197 is divided by 6.
5
What is the remainder when 214 is divided by 37?
29
Calculate the remainder when 363 is divided by 26.
25
What is the remainder when 13190 is divided by 4393?
11
What is the remainder when 98 is divided by 37?
24
Calculate the remainder when 215 is divided by 25.
15
What is the remainder when 2239 is divided by 17?
12
Calculate the remainder when 455 is divided by 116.
107
Calculate the remainder when 57 is divide